+ r = -7*m. Calculate the highest common divisor of 16 and m.
2
Suppose -f - 4912 = -4*a + 2635, -a = -5*f - 1863. What is the highest common factor of a and 118?
118
Let o be ((-261)/12)/(498/(-480) + 1). What is the greatest common factor of o and 140?
20
Let n(o) = -56*o + 3898. Let v be n(62). What is the highest common divisor of v and 6?
6
Let b be ((-28)/42)/(1/(-6)). Suppose -b*p + 4 = -0. Suppose 23 = 5*h + 3*c - 14, -2 = 2*c. What is the greatest common factor of p and h?
1
Let a = -47 + 31. Let d = a + 20. Suppose 2*i = d*i - 12. What is the greatest common factor of i and 24?
6
Suppose -37*m = 37 - 592. Let c = 114 + -81. Calculate the highest common factor of c and m.
3
Let h(s) = 2*s**2 + 8*s + 4. Let x be h(-6). Let q be ((-79)/4)/((-7)/x). Let g = q + -66. What is the greatest common factor of 143 and g?
13
Suppose k = 6*k + 2*a - 4640, -928 = -k + 5*a. Let m = 15769 - 15737. Calculate the greatest common factor of k and m.
32
Let z(m) = 25*m + 1390. Let n be z(-55). What is the greatest common divisor of 365 and n?
5
Suppose -16*x + z = -12*x - 5573, -2*z + 6976 = 5*x. What is the highest common factor of 41 and x?
41
Suppose -c - 781 = -2*b, 0*b = -3*b + 2*c + 1173. Suppose 0 = 2*i - 5*a + 123 - b, 250 = 2*i + 3*a. Calculate the highest common divisor of 112 and i.
16
Let q be (420/(-50) + 8)*(1 - 1086). Suppose 9*n = 23*n - q. What is the highest common divisor of n and 1?
1
Let g(a) = 4*a**2 - a + 9. Let p(r) = 2*r + 4. Let m be p(-6). Let w be g(m). Let d = w + -195. Calculate the highest common divisor of 117 and d.
39
Let c be 5*(-34)/(-8) - 321/(-428). Suppose -24 = 19*a - 21*a. What is the greatest common divisor of a and c?
2
Suppose -2173 = -5*u + 31647 + 32345. What is the highest common divisor of u and 22?
11
Let x(d) = d - 4. Let p be x(34). Suppose -2*j + 6*j = 200. Calculate the greatest common divisor of j and p.
10
Let y = 3740 + -3695. Calculate the highest common factor of 882 and y.
9
Suppose -g - 5 = 4*g + s, -5 = 5*g - s. Let u be ((-30)/(-8))/(6*g/(-128)). Calculate the highest common factor of 10 and u.
10
Let k = -19749 - -20169. What is the greatest common factor of k and 7840?
140
Suppose -1030 - 164 = -3*g. Calculate the greatest common factor of g and 12.
2
Suppose -w + 2*j = 3, -8*w + 5*j = -4*w + 3. Let k be ((-200)/(-16))/(w/30). Calculate the greatest common factor of 5 and k.
5
Let w(p) = 2*p**3 + 4*p**2 + 23*p - 41. Let f be w(4). Let x(m) = m**3 + 8*m**2 - 5*m - 3. Let c be x(-7). Calculate the highest common divisor of c and f.
81
Suppose -202 + 122 = -2*p. Let o = p - 8. Calculate the highest common divisor of o and 28.
4
Let w = -15792 - -15800. What is the highest common factor of 1252 and w?
4
Suppose 3*t - 168 = -3*t. Let v be (t/(-10) + 2)/(5/(-475)). Suppose -k - v = -3*q, q - 5*q - k = -92. What is the greatest common factor of 24 and q?
24
Suppose 2*o - 3*o + 11 = 5*m, 0 = o - 1. Suppose -5*n - 3*k + 46 + 94 = 0, 0 = -3*n + m*k + 65. What is the greatest common divisor of n and 275?
25
Let a(r) = 16*r - 43. Let k be a(23). Suppose -l - 190 = -3*p + k, 0 = 5*p + l - 861. Calculate the greatest common factor of 215 and p.
43
Let z be 2/(-8) - (-21)/(-12). Let y be 0 - (-3 + z - -3). Suppose -2 = -r, 0 = -4*l - l - y*r + 1304. Calculate the greatest common factor of 26 and l.
26
Suppose 150 = 4*p - p. Let m = -45742 - -45867. What is the greatest common factor of p and m?
25
Let d be (1/2)/((-7)/(-756)). Suppose 2*v + 52 = 3*m, 4*m + 0 = -3*v + 75. Calculate the highest common factor of d and m.
18
Suppose 0 = -146*l + 182*l - 43920. Calculate the highest common divisor of l and 100.
20
Let d be 8/68 + (-5 - 61866/(-119)). Calculate the greatest common factor of d and 2987.
103
Suppose 118*o = 58*o + 55*o + 1625. Calculate the greatest common divisor of 2350 and o.
25
Let s = 12699 - 11425. What is the highest common factor of 196 and s?
98
Let u(q) = 3*q**3 + 272*q**2 + 54*q + 348. Let v be u(-90). Calculate the highest common divisor of 24 and v.
24
Let c = 485 - 703. Let f = c - -226. Calculate the greatest common divisor of f and 2.
2
Suppose 8*r = -8*r - 448. Let j be (-5)/(1/4 + r/80). Calculate the greatest common factor of 75 and j.
25
Let o(q) = 961*q**2 + 7*q + 2. Let l be o(3). Let b be l/112 + (-4)/(-7). Calculate the highest common factor of b and 39.
39
Suppose 9694 = 2365*k - 2328*k. Calculate the greatest common factor of 47422 and k.
262
Suppose 0 = -5*z + 6*a - 7*a + 365, -2*z + 2*a + 134 = 0. Let d(r) = 80*r + 312. Let p be d(0). What is the highest common factor of p and z?
24
Let w(x) = 173*x + 3162. Let k be w(-18). What is the highest common factor of k and 1544?
8
Let a(y) = -2*y**2 - 198*y + 427. Let k be a(-101). Calculate the greatest common factor of 3657 and k.
23
Let x be (6*(-2 - -1))/(-1). Suppose 7 = v - 3*q, -3*v = 4*q - 3 - 18. Let r be v/91 + 465/39. Calculate the greatest common factor of x and r.
6
Let v be 19/(532/6538)*2. Calculate the greatest common divisor of 1 and v.
1
Let j = 2 + -4. Let d be 666/21 - j/7. Let k be 3*(6*115/45 - 10). Calculate the greatest common divisor of k and d.
16
Let d = 452 + -244. Suppose -2*p - 1 = -4*y - 5, 0 = -4*p - 4*y + 20. Let m be 9*((-65)/(-15) - p) - -13. What is the greatest common factor of d and m?
16
Let b = -101 + 137. Let o be 6/((4/64)/(15/b)). Calculate the greatest common factor of 200 and o.
40
Suppose -2*u - s - s + 442 = 0, -2*u + 5*s = -477. Let k = -216 + u. What is the greatest common divisor of k and 100?
10
Suppose -14*s - 31127 = -18*s - 3*f, -3*s = -2*f - 23375. Calculate the greatest common divisor of 13 and s.
13
Suppose 0 = -5*h - 6*l + 4*l + 77, -5*l + 20 = h. Let m = 100 + 185. What is the greatest common factor of h and m?
15
Suppose -60*n + 56 + 48 = -8*n. Calculate the greatest common factor of n and 1410.
2
Let f(x) = -393*x**3 - 34*x**2 - 127*x + 6. Let t be f(-4). Calculate the greatest common factor of 318 and t.
318
Suppose 8 = -o + 5*o - t, -o + 2 = t. Suppose -j + 4*w = 2*j - 49, -79 = -3*j - o*w. Let g = 87 + j. Calculate the greatest common factor of 10 and g.
10
Let j(a) be the second derivative of -1/6*a**3 - 15*a + 1/2*a**2 + 19/12*a**4 + 0. Let s be j(2). What is the highest common factor of 15 and s?
15
Suppose -6*f + f = 15, 0 = 3*w - 2*f - 6441. Suppose -12*q + 45*q - w = 0. What is the greatest common divisor of q and 650?
65
Let x be (-30)/165 - ((-1589)/88 - 1/8). What is the highest common divisor of 99 and x?
9
Suppose -15*o = -11*o - 2*h - 184, o - 5*h = 37. Let v be 2/14 - 71046/(-126). What is the greatest common divisor of v and o?
47
Let w be (-2 + 1)/((130/1060)/(-13)*2). Calculate the greatest common factor of 2 and w.
1
Let r = -2460 - -2475. Let h be (-5674)/18 + (-6)/(-27). Let i = -150 - h. Calculate the highest common factor of i and r.
15
Let s(b) = -64*b - 260. Let x be s(-9). Let h = x - 273. Calculate the highest common divisor of h and 473.
43
Suppose 180*k + 87 = 183*k. Suppose k*a = 30*a - 24. Suppose -51*s + 53*s - a = 0. What is the highest common factor of s and 4?
4
Let q be (-4)/(24/14)*(-35 - -26). What is the greatest common divisor of 1995 and q?
21
Let y be -2 - (-3 + -3) - 7/(-1). Suppose y = 3*j + 4*l - 17, 2*j + 8 = 4*l. What is the greatest common factor of j and 10?
2
Let q = 35031 + -34536. Calculate the highest common factor of 1760 and q.
55
Suppose 26*w = 2773 - 69. Let b be w/((6/12)/1). What is the greatest common divisor of 52 and b?
52
Let j(h) = 24*h**2 + 65*h + 7. Let p be j(-5). Suppose 5*d - 68 = p. Calculate the highest common divisor of d and 238.
14
Let z be ((-6)/(-39) - (-3209261)/572) + 15/(-20). What is the highest common factor of z and 60?
30
Suppose -5*i + 11542 = f, 1827*f - 1822*f - 57906 = 3*i. What is the highest common divisor of f and 153?
51
Suppose 4*y + y = 680. Let i be 29/(203/56) + 0. What is the greatest common factor of y and i?
8
Suppose 2*b - 6*b = -144. Let q = 36 - b. Suppose -2*i + q = -4*g - 16, 6 = 2*i + g. What is the highest common divisor of i and 44?
4
Let t be (-2)/3*(-11218)/(-568)*-4*39. What is the greatest common divisor of 790 and t?
158
Let u = -130 - -870. Suppose 0 = 6*x + 146 - u. Calculate the greatest common factor of 27 and x.
9
Let n(z) = 7*z**2 - 21*z + 8. Sup